1)/2. Give z(s).
2
Suppose -5*p - 2*a + 3*a = -18, 0 = -p - a. Let i(l) = -p + 9*l**2 + 5*l + 1 - 8*l**2 - 3. What is i(-5)?
-5
Let b(s) be the second derivative of s**5/20 + 5*s**4/12 - 7*s**3/6 - 4*s**2 - 2*s. Suppose 0 = 10*c - 6*c + 24. Calculate b(c).
-2
Let j(g) = 14*g**2 - 14*g - 12. Let r(s) = -5*s**2 + 5*s + 4. Let o(f) = 6*j(f) + 17*r(f). Calculate o(0).
-4
Let w(a) = -a**3 - 2*a**2 + 3*a + 3. Suppose f - 2*f - 2 = 0. Let y = f - 1. Give w(y).
3
Let k(p) be the second derivative of p**4/12 + p**3 + 7*p**2/2 + 2*p. Suppose -y = 3*u + 20, 2*y = 3*u - 2 + 7. What is k(u)?
2
Suppose 3*i + 52 = 3*y + 5*i, -5*i = 5*y - 90. Suppose -m + y = m. Let j(v) = 3*v - m + 8. What is j(2)?
6
Let q be (-6 + 0)*16/(-12). Suppose 5*p - p = -q. Let m(c) = c**2 - 2*c. Calculate m(p).
8
Let g(k) = 4*k**2 - 2*k + 1. Let v(a) = 3*a**2 - a + 1. Let s(f) = -2*g(f) + 3*v(f). Give s(-1).
1
Let l(c) = c**2 + 9*c - 4. Let w be l(-9). Let k = w + 7. Let v(p) be the second derivative of -p**3/6 + 4*p. Give v(k).
-3
Suppose 4*i + 0*b + 2*b - 6 = 0, 2*b + 6 = 0. Let y(l) = -4*l + 11 - 4 + i*l. Calculate y(5).
2
Let q(d) = -4*d - 1 + 2*d - d - 2. Calculate q(-3).
6
Let f(x) be the second derivative of x**5/20 + x**4/2 + x**3/3 - x**2 + 14*x. Calculate f(-5).
13
Let u(z) = -z**3 - 4*z**2 - z + 4. Suppose 0 = 5*y + 4*a - 5, -y - 4*a = -3*a. Suppose 2*p + 4*g - 10 = 8*g, 0 = y*g + 20. Determine u(p).
-2
Let m(q) = -q - 1. Let d be (5/(-2))/(1/2). Let c = 7 + d. Suppose 4*u = 2*u + c. What is m(u)?
-2
Suppose -3*k + 30 = -k. Suppose -3*t = -5*l - 25, -k = -t - t + 3*l. Let b(p) = -p + 3*p - 2*p + p**2 + 1. Give b(t).
1
Let r(t) = 7*t**3 + 5*t**3 - t - 3*t**3. Let g(f) = -f + 5. Let l be g(3). Suppose s = -4*c + 4, c = l*c - 3*s - 1. Determine r(c).
8
Let c(r) = -2*r - 1 + r - 3*r - 2*r**2 + 3*r. Give c(-1).
-2
Let d(y) = 2*y**2 - 4*y - 1. Let o be d(4). Suppose -3*j - 1 = -5*p + o, 2*p = 3*j + 10. Let m(q) = -3 - 2 - p*q + 1. Determine m(-3).
2
Let p(b) = -b + 11*b - 2*b + 1 - b**2 - 9*b. Give p(-2).
-1
Let z(o) = o**3 + 5*o**2 + 5*o + 2. Let i be (-52)/20 + 4/(-10). Let k be z(i). Let y(t) = t**2 - 4*t - 1. Give y(k).
4
Let i = -22 - -18. Let p(f) = f**3 + 3*f**2 - 5*f + 2. Give p(i).
6
Let n(u) = 5*u**2 - 5*u + 1. Suppose 0*t - 5*t = -20. Let y(b) = -b**3 - 1 + 0*b**3 + t*b + 2*b**3 - 4*b**2. Let o(i) = -5*n(i) - 6*y(i). Determine o(-1).
5
Let i(r) = r**2 - 2*r - 5. Let g be 3 - 1/((-1)/1). Suppose -x + g = -0*x. Give i(x).
3
Let k(r) = 17*r + 1. Let y(t) = 17*t. Let f(b) = -6*k(b) + 5*y(b). Suppose 14 - 2 = -3*i. Let h(z) = -6*z - 2. Let m(c) = i*f(c) + 11*h(c). Determine m(2).
6
Let z = -19 + 21. Let q(c) = -c**2 + c + 1. Give q(z).
-1
Let m(b) = b**3 + 3*b**2 - b - 1. Suppose -7*s + 3*s = 12. Calculate m(s).
2
Let g(r) be the second derivative of r**7/2520 + r**6/144 + r**5/30 + r**4/6 + 4*r. Let b(x) be the third derivative of g(x). Determine b(-4).
0
Let z(y) = 10*y - y**3 - 2 - 4*y**2 + 2*y**3 - 9*y. Let b(m) = -2*m + 5. Let o(g) = 2*g - 6. Let n(r) = 6*b(r) + 5*o(r). Let s be n(-2). What is z(s)?
2
Let b(x) be the first derivative of -4*x**3/3 + x**2 - x + 14. What is b(1)?
-3
Let q(t) = -2*t + 6. Suppose -x + 4*k - 8 = 0, x = 5*k - 8 - 5. Let s = -2 - 5. Let r = s + x. Determine q(r).
-4
Suppose y - 15 = 6*y - 5*p, -3*p = 5*y + 23. Let q(t) = 2*t + 5. Calculate q(y).
-3
Suppose -2*c = -0*c. Let g(a) = a - 13. What is g(c)?
-13
Let c be 0 + 0 + 2*-4. Let i = c - -10. Let j(g) = -4*g**2 + 2*g + 1. Calculate j(i).
-11
Let b(l) = l**2 - 8*l + 3. Let p(o) = -o. Let t be p(-3). Determine b(t).
-12
Let v(x) = x**3 - 5*x**2 + 2*x + 1. Let l be v(4). Let j = 8 + l. Let r(f) = 2*f - 1. Determine r(j).
1
Let k(q) = 37 + 38 + q - 68. What is k(-5)?
2
Let i(n) = -n**2 + 4*n - 1. Let j(g) = g + 10. Let h be j(-8). Give i(h).
3
Suppose -4*i + 6 = 4*w + 14, 4*i + 3 = -3*w. Suppose 0 = z + i*z - 12. Let m be (-6)/4*(-8)/z. Let x(l) = -l**3 + 4*l**2 - 2*l. Calculate x(m).
-8
Suppose 2*p = -3*x - 40, 4*x - 100 = 5*p + x. Let z be (8/(-10))/(4/p). Let r(v) = -2*v - 2*v + 2*v + v**2. Determine r(z).
8
Let b(t) = -t - 4. Let p(i) = i**3 + i**2 - i - 1. Let v be p(-1). Give b(v).
-4
Let z(v) = -v**3 - 8*v**2 - 7*v + 5. Let m be z(-7). Let c(a) = -2*a + 6. Let i(l) = -3*l + 11. Let h(n) = m*c(n) - 3*i(n). What is h(-5)?
2
Let t(a) = 5*a**2 + 2*a - 4. Let b(m) = -m**2 - m + 1. Let l(q) = -4*b(q) - t(q). Determine l(2).
0
Let t(y) = y**3 + 2*y**2 - 2*y + 1. Let z be 23/7 + (-10)/35. Suppose -6 = d - z*d. Let b be 0 + -1 - (-6)/d. Calculate t(b).
2
Let q be (-1)/(-6)*3*-2. Let j = 2 - q. Let l(s) be the first derivative of -3*s**2/2 + 3*s - 2. Calculate l(j).
-6
Let a(j) = 9*j + 39. Let x(z) = -2*z - 8. Let s(c) = -5*a(c) - 24*x(c). Give s(4).
9
Let g be (-1 - -3*1)*2. Let j(q) be the third derivative of -q**2 - 1/2*q**3 + 5/24*q**4 - 1/120*q**6 + 0*q + 0 + 1/20*q**5. Determine j(g).
1
Let a(q) = -13*q**2 - q + 1. Let b(l) = -12*l**2 - l + 1. Let n(c) = 6*a(c) - 7*b(c). Calculate n(1).
6
Let s(y) be the third derivative of y**4/12 - 37*y**2. What is s(-5)?
-10
Suppose -3 = -n + 1. Suppose 15 = -9*c + n*c. Let w(a) = a**3 + 4*a**2 + a - 2. Give w(c).
4
Let l(v) = -v**3 + 3*v**2 - v - 2. Suppose 2*p - 3*t = 14 + 7, 5*t + 22 = -p. Suppose -3*a = -9 + p. Determine l(a).
0
Let c(b) = -2*b**2 + b + 4. Let i(y) = -y + 1. Let r be i(-2). What is c(r)?
-11
Suppose 5*z = -5, -4*z + 3 = -w + 1. Let m(u) = 6*u - 2 + u - 5*u**2 + 0*u**2 - u**3. What is m(w)?
-8
Let j(d) = -d**2 - 5*d + 5. Let y be (-64)/10 + (-2)/(-5). What is j(y)?
-1
Let t(a) = -a**2 - 7*a - 6. Suppose 5*n = 5*l - 10, 0*l + 3*l = 5*n + 16. Determine t(n).
4
Let t(x) = x - 2*x**2 - 1 + 0 + 0. Let g(n) = n + 4. Suppose 5*k - 8 = 17, 4*l + 4*k = 12. Let v be g(l). Give t(v).
-7
Suppose -b + 6 = -3*l - 0*b, -b - 2 = 5*l. Let h = l + 1. Let a(k) = -k**3 + 3*k**2 - 8. Let s(p) = p**3 - 2*p**2 + 8. Let n(r) = -2*a(r) - 3*s(r). Give n(h).
-8
Let s(f) = 132 + 22*f - 21*f - 128. Suppose 5*r + 21 = -2*h, -8*h + 4*h = r + 15. Calculate s(r).
1
Let c(b) = -b**3 + 4*b**2 - 2*b + 5. Suppose 0 = -3*t + v + 16, 2*t = -4*v + 5 + 1. Let g(u) = 8*u**2 - 1. Let i be g(1). Suppose t = 3*p - i. Calculate c(p).
-3
Let x(j) = j**2 + 13*j - 3. Let z be x(-12). Let o = z + 12. Let d(h) = -h**3 - 3*h**2 - 4*h - 1. Determine d(o).
11
Let z(a) = -2*a**2 - a. Let n = -10 + 15. Suppose -14 = -n*p + 3*o, 2*o - 16 = -2*p - 4. Suppose p = -2*m + 4*g, 0*m = -m + 5*g - 2. What is z(m)?
-6
Suppose h = -2*h. Let z(u) = u**3 + 2. What is z(h)?
2
Let b(w) = -w**2 + 5*w - 5. Suppose -5*n + 26 = 6. Calculate b(n).
-1
Let d(b) be the first derivative of -b**4/4 + 4*b**3/3 + 5*b**2/2 + 6*b - 1. Let c(f) = -f**3 + 9*f**2 - 18*f + 5. Let p be c(6). Calculate d(p).
6
Suppose 4*v - 3 = -11. Let b(m) = 2 + m + 0 + 0*m. Calculate b(v).
0
Let m(n) = -15*n + 11. Let u(t) = 7*t - 5. Let z(q) = 6*m(q) + 13*u(q). What is z(3)?
4
Let n(d) = -d**2 - 6*d - 1. Suppose -a + 3 = -1. Suppose 2 = a*z + 26. What is n(z)?
-1
Let r(b) = 7*b**3 + 2*b - 11. Let z(w) = 20*w**3 - w**2 + 6*w - 32. Let f(a) = 17*r(a) - 6*z(a). Give f(6).
-7
Let w(m) = m**2 - 4*m + 5. Let y be w(4). Let b(i) = -i**3 + 4*i + 4. Let g(f) = f**3 + f**2 - 5*f - 4. Let n(x) = -6*b(x) - 5*g(x). Determine n(y).
1
Let p(f) = -f**3 + 3*f**2 - 3*f + 3. Let y = -8 + 13. Let v = y - 3. Determine p(v).
1
Let r(l) = l + 22. Suppose 0 = -5*d - 3*o - 0*o + 6, -2*o + 4 = -3*d. Determine r(d).
22
Suppose -10*h + 6*h + 20 = 0. Let s(g) = -2*g - 1. Let n(k) = k + 2. Let z(c) = -3*n(c) - 2*s(c). Let r be z(h). Let b(l) = -8*l - 1. What is b(r)?
-9
Let p(i) = -i - 11. Suppose 6*t = 8*t + 12. Calculate p(t).
-5
Let y(w) = w + 5*w**3 - 10 - 2*w + 4. Let g(q) = 14*q**3 - q**2 - 4*q - 18. Let x(c) = 4*g(c) - 11*y(c). Determine x(5).
-6
Let a(s) = -3*s**3 + 13*s**2 + 5*s. Let q(d) = 5*d**3 - 25*d**2 - 11*d - 1. Let i(j) = 7*a(j) + 4*q(j). What is i(-8)?
4
Let h be (-2)/(-7) + 0 + 250/(-875). Let z(a) be the third derivative of 1/10*a**5 + h + 0*a + 5/24*a**4 + 1/120*a**6 + 2*a**2 + 7/6*a**3. What is z(-5)?
7
Let a(k) = -2*k - 4. Let v be a(-3). Suppose 2*b = b + v. Let n be (-1 - 0)*(b - 2). Let w(r) = -r**2 - r + 3. Calculate w(n).
3
Let s be (-11)/3 - (-8)/12. Let b be -6*(0 - s/6). Let h(i) = -i + 1. Let j(c) = 4*c. Let l(y) = 3*h(y) + j(y)